{"id":7814,"date":"2021-05-30T21:11:50","date_gmt":"2021-05-30T21:11:50","guid":{"rendered":"https:\/\/albrecht-fiedler.de\/?page_id=7814"},"modified":"2023-11-07T22:03:53","modified_gmt":"2023-11-07T22:03:53","slug":"vorgehensweise-2","status":"publish","type":"page","link":"https:\/\/albrecht-fiedler.de\/projekte-1994-2020\/vorgehensweise-2\/","title":{"rendered":""},"content":{"rendered":"<p><span style=\"font-family: arial, helvetica, sans-serif; font-size: 18pt; color: #0a27c9;\">Projekt-Vorgehensweise<\/span><\/p>\n<hr \/>\n<p><span style=\"font-family: arial, helvetica, sans-serif; font-size: 10pt;\"><strong>Die Besonderheit als Szenario-Manager liegt darin, dass ich jedes Projekt mit unterschiedlichen Annahmen und variablen Gr\u00f6\u00dfen bereits bei der Datenauswertung mit alternativen Zielwerten pr\u00e4zise durchplane.<\/strong><\/span><br \/>\n<span style=\"font-size: 10pt;\"><span style=\"font-family: arial, helvetica, sans-serif;\"><strong>Projekte\u00a0<\/strong><strong>einfach machen. <\/strong><strong>Projektziele<\/strong><\/span><strong><span style=\"font-family: arial, helvetica, sans-serif;\"> schneller erreichen. Projektkosten deutlich senken. <span style=\"font-size: 14pt;\">\u21d2<\/span> <\/span><\/strong><\/span><span style=\"font-family: arial, helvetica, sans-serif; font-size: 10pt; color: #38c27d;\"><strong>(Nachweisen. Erkl\u00e4ren. Vermitteln.<\/strong><strong><span class=\"tve_custom_font_size\" data-css=\"tve-u-161ae696699\"><span class=\"ttfm3\" data-css=\"tve-u-161ae69669a\"><span class=\"ttfm2\">)<\/span><\/span><\/span><\/strong><\/span><\/p>\n<p><span style=\"font-family: arial, helvetica, sans-serif; font-size: 8pt; color: #ff0000;\"><strong>\u25ba \u00dcbersicht mein<\/strong>er <span class=\"ILfuVd\"><span class=\"hgKElc\"><b>Vorgehensweisen im Projekt<\/b><\/span><\/span>:<\/span><br \/>\n<span style=\"font-family: arial, helvetica, sans-serif; font-size: 8pt;\"><a href=\"https:\/\/albrecht-fiedler.de\/vorgehensweise-2\/#Merkmal 1\">\u2022\u00a0 Vorgehensweise 1:<\/a>\u00a0 <strong>Fabrikaufbau \/ Produktionsverlagerungen \/ Produkt-Neuanl\u00e4ufe von Europa in die USA und Mexiko<\/strong><\/span><br \/>\n<span style=\"font-family: arial, helvetica, sans-serif; font-size: 8pt;\"><span style=\"color: #000000;\"><a style=\"color: #000000;\" href=\"https:\/\/albrecht-fiedler.de\/vorgehensweise-2\/#Merkmal 2\">\u2022\u00a0 <\/a><a href=\"https:\/\/albrecht-fiedler.de\/vorgehensweise-2\/#Merkmal 2\">Vorgehensweise <\/a><a href=\"https:\/\/albrecht-fiedler.de\/vorgehensweise-2\/#Merkmal 2\"> 2<\/a><a style=\"color: #000000;\" href=\"https:\/\/albrecht-fiedler.de\/vorgehensweise-2\/#Merkmal 2\">:<\/a><\/span>\u00a0 <\/span><span style=\"font-family: arial, helvetica, sans-serif; font-size: 8pt;\"><strong>(Teil-) Betriebsstilllegung mit BR-, IG-Verhandlungen bzgl. 112 BetrVG Interessensausgleich, Sozialplanung<\/strong> <\/span><br \/>\n<span style=\"font-family: arial, helvetica, sans-serif; font-size: 8pt;\"><a href=\"https:\/\/albrecht-fiedler.de\/vorgehensweise-2\/#Merkmal 3.1\">\u2022\u00a0 Vorgehensweise 3.1:<\/a>\u00a0 Phase 1 &#8211; 2 Wochen &gt; <strong>Restrukturierung gem. STARUG (01.01.2021), Sanierung gem. IDW S6 f\u00fcr die <em>Eigenverwaltungsplanung<\/em><\/strong> <\/span><br \/>\n<span style=\"font-family: arial, helvetica, sans-serif; font-size: 8pt;\"><a href=\"https:\/\/albrecht-fiedler.de\/vorgehensweise -2\/#Merkmal 3.2\">\u2022\u00a0 Vorgehensweise 3.2:<\/a>\u00a0 Phase 5 &#8211; 6 Wochen &gt; <strong>Restrukturierung gem. STARUG (01.01.2021), Sanierung gem. IDW S6 f\u00fcr die <em>Eigenverwaltungsplanung<\/em><\/strong><\/span><br \/>\n<span style=\"font-family: arial, helvetica, sans-serif; font-size: 8pt;\"><a href=\"https:\/\/albrecht-fiedler.de\/vorgehensweise -2\/#Merkmal 3.3\">\u2022\u00a0 Vorgehensweise 3.3:<\/a>\u00a0 Phase 8 &#8211; 10 Monaten &gt; <strong>Restrukturierung gem. STARUG (01.01.2021), Sanierung gem. IDW S6 f\u00fcr die <em>Eigenverwaltungsplanung<\/em><\/strong><\/span><span style=\"font-family: arial, helvetica, sans-serif; font-size: 8pt;\"><br \/>\n<a href=\"https:\/\/albrecht-fiedler.de\/vorgehensweise -2\/#Merkmal 5\">\u2022\u00a0 Vorgehensweise 4:<\/a><a href=\"https:\/\/albrecht-fiedler.de\/business-cases\/#Projekt 4\">\u00a0<\/a> Roadmap<\/span><br \/>\n<span style=\"font-family: arial, helvetica, sans-serif; font-size: 8pt; color: #ff0000;\"><strong>\u25ba Zur\u00fcck zum Seitenanfang \u2227 mit dem gelben Button rechts unten.<\/strong><\/span><\/p>\n<hr id=\"Merkmal 1\" \/>\n<p><img loading=\"lazy\" decoding=\"async\" class=\"aligncenter wp-image-7992\" src=\"https:\/\/albrecht-fiedler.de\/wp-content\/uploads\/2021\/06\/PIC1-300x227.jpg\" alt=\"\" width=\"1100\" height=\"831\" srcset=\"https:\/\/albrecht-fiedler.de\/wp-content\/uploads\/2021\/06\/PIC1-300x227.jpg 300w, https:\/\/albrecht-fiedler.de\/wp-content\/uploads\/2021\/06\/PIC1-768x580.jpg 768w, https:\/\/albrecht-fiedler.de\/wp-content\/uploads\/2021\/06\/PIC1.jpg 1049w\" sizes=\"auto, (max-width: 1100px) 100vw, 1100px\" \/><\/p>\n<hr id=\"Merkmal 2\" \/>\n<p><img loading=\"lazy\" decoding=\"async\" class=\"aligncenter wp-image-7993\" src=\"https:\/\/albrecht-fiedler.de\/wp-content\/uploads\/2021\/06\/PIC2-300x225.jpg\" alt=\"\" width=\"1100\" height=\"824\" srcset=\"https:\/\/albrecht-fiedler.de\/wp-content\/uploads\/2021\/06\/PIC2-300x225.jpg 300w, https:\/\/albrecht-fiedler.de\/wp-content\/uploads\/2021\/06\/PIC2-768x575.jpg 768w, https:\/\/albrecht-fiedler.de\/wp-content\/uploads\/2021\/06\/PIC2.jpg 1048w\" sizes=\"auto, (max-width: 1100px) 100vw, 1100px\" \/><\/p>\n<hr id=\"Merkmal 3.1\" \/>\n<p><img loading=\"lazy\" decoding=\"async\" class=\"wp-image-7994 aligncenter\" src=\"https:\/\/albrecht-fiedler.de\/wp-content\/uploads\/2021\/06\/PIC3-300x223.jpg\" alt=\"\" width=\"1100\" height=\"818\" srcset=\"https:\/\/albrecht-fiedler.de\/wp-content\/uploads\/2021\/06\/PIC3-300x223.jpg 300w, https:\/\/albrecht-fiedler.de\/wp-content\/uploads\/2021\/06\/PIC3-768x571.jpg 768w, https:\/\/albrecht-fiedler.de\/wp-content\/uploads\/2021\/06\/PIC3.jpg 1046w\" sizes=\"auto, (max-width: 1100px) 100vw, 1100px\" \/><\/p>\n<hr id=\"Merkmal 3.2\" \/>\n<p><img loading=\"lazy\" decoding=\"async\" class=\"wp-image-7995 aligncenter\" src=\"https:\/\/albrecht-fiedler.de\/wp-content\/uploads\/2021\/06\/PIC4-300x225.jpg\" alt=\"\" width=\"1100\" height=\"826\" srcset=\"https:\/\/albrecht-fiedler.de\/wp-content\/uploads\/2021\/06\/PIC4-300x225.jpg 300w, https:\/\/albrecht-fiedler.de\/wp-content\/uploads\/2021\/06\/PIC4-768x577.jpg 768w, https:\/\/albrecht-fiedler.de\/wp-content\/uploads\/2021\/06\/PIC4.jpg 1047w\" sizes=\"auto, (max-width: 1100px) 100vw, 1100px\" \/><\/p>\n<hr id=\"Merkmal 3.3\" \/>\n<p><img loading=\"lazy\" decoding=\"async\" class=\"aligncenter wp-image-7996\" src=\"https:\/\/albrecht-fiedler.de\/wp-content\/uploads\/2021\/06\/PIC5-300x225.jpg\" alt=\"\" width=\"1100\" height=\"825\" srcset=\"https:\/\/albrecht-fiedler.de\/wp-content\/uploads\/2021\/06\/PIC5-300x225.jpg 300w, https:\/\/albrecht-fiedler.de\/wp-content\/uploads\/2021\/06\/PIC5-768x576.jpg 768w, https:\/\/albrecht-fiedler.de\/wp-content\/uploads\/2021\/06\/PIC5.jpg 1047w\" sizes=\"auto, (max-width: 1100px) 100vw, 1100px\" \/><\/p>\n<hr id=\"Merkmal 5\" \/>\n<p><strong><img loading=\"lazy\" decoding=\"async\" class=\"aligncenter wp-image-7991\" src=\"https:\/\/albrecht-fiedler.de\/wp-content\/uploads\/2021\/06\/PIC6-300x225.jpg\" alt=\"\" width=\"1100\" height=\"825\" srcset=\"https:\/\/albrecht-fiedler.de\/wp-content\/uploads\/2021\/06\/PIC6-300x225.jpg 300w, https:\/\/albrecht-fiedler.de\/wp-content\/uploads\/2021\/06\/PIC6-768x576.jpg 768w, https:\/\/albrecht-fiedler.de\/wp-content\/uploads\/2021\/06\/PIC6.jpg 1047w\" sizes=\"auto, (max-width: 1100px) 100vw, 1100px\" \/><\/strong><\/p>\n<p>&nbsp;<\/p>\n<p>&nbsp;<\/p>\n<p><img loading=\"lazy\" decoding=\"async\" class=\"size-full wp-image-7557 aligncenter\" src=\"https:\/\/albrecht-fiedler.de\/wp-content\/uploads\/2021\/05\/Logo4711.png\" alt=\"\" width=\"68\" height=\"60\" \/><\/p>\n<p>&nbsp;<\/p>\n","protected":false},"excerpt":{"rendered":"<p>Projekt-Vorgehensweise Die Besonderheit als Szenario-Manager liegt darin, dass ich jedes Projekt mit unterschiedlichen Annahmen und variablen Gr\u00f6\u00dfen bereits bei der Datenauswertung mit alternativen Zielwerten pr\u00e4zise durchplane. Projekte\u00a0einfach machen. Projektziele schneller erreichen. Projektkosten deutlich senken. \u21d2 (Nachweisen. Erkl\u00e4ren. Vermitteln.) \u25ba \u00dcbersicht meiner Vorgehensweisen im Projekt: \u2022\u00a0 Vorgehensweise 1:\u00a0 Fabrikaufbau \/ Produktionsverlagerungen \/ Produkt-Neuanl\u00e4ufe von Europa in &#8230; <a title=\"\" class=\"read-more\" href=\"https:\/\/albrecht-fiedler.de\/projekte-1994-2020\/vorgehensweise-2\/\" aria-label=\"Mehr Informationen \u00fcber \">Weiterlesen<\/a><\/p>\n","protected":false},"author":1,"featured_media":0,"parent":0,"menu_order":0,"comment_status":"closed","ping_status":"closed","template":"","meta":{"footnotes":""},"class_list":["post-7814","page","type-page","status-publish"],"_links":{"self":[{"href":"https:\/\/albrecht-fiedler.de\/projekte-1994-2020\/wp-json\/wp\/v2\/pages\/7814","targetHints":{"allow":["GET"]}}],"collection":[{"href":"https:\/\/albrecht-fiedler.de\/projekte-1994-2020\/wp-json\/wp\/v2\/pages"}],"about":[{"href":"https:\/\/albrecht-fiedler.de\/projekte-1994-2020\/wp-json\/wp\/v2\/types\/page"}],"author":[{"embeddable":true,"href":"https:\/\/albrecht-fiedler.de\/projekte-1994-2020\/wp-json\/wp\/v2\/users\/1"}],"replies":[{"embeddable":true,"href":"https:\/\/albrecht-fiedler.de\/projekte-1994-2020\/wp-json\/wp\/v2\/comments?post=7814"}],"version-history":[{"count":88,"href":"https:\/\/albrecht-fiedler.de\/projekte-1994-2020\/wp-json\/wp\/v2\/pages\/7814\/revisions"}],"predecessor-version":[{"id":8652,"href":"https:\/\/albrecht-fiedler.de\/projekte-1994-2020\/wp-json\/wp\/v2\/pages\/7814\/revisions\/8652"}],"wp:attachment":[{"href":"https:\/\/albrecht-fiedler.de\/projekte-1994-2020\/wp-json\/wp\/v2\/media?parent=7814"}],"curies":[{"name":"wp","href":"https:\/\/api.w.org\/{rel}","templated":true}]}}